s the greatest common factor of i and 68?
4
Suppose -6*j + 6172 = 6142. Calculate the highest common factor of j and 5095.
5
Let l(u) = -21*u + 253. Let g be l(8). Calculate the highest common divisor of 20 and g.
5
Let u(g) = g + 4. Let p be u(-31). Let z = -15 - p. Calculate the highest common divisor of 492 and z.
12
Let u(o) = 2*o**3 + 14*o**2 + 9*o + 3. Let t be u(-6). Let b be 10/(-70) - ((-3474)/t)/3. Calculate the highest common divisor of 22 and b.
11
Let k = -117 + -37. Let l be (k/(-21))/(-11) + (-611)/(-3). Let x be (-3)/(-2)*754/39. What is the highest common factor of l and x?
29
Suppose -50 + 428 = 2*s. Let h = -7677 + 7684. What is the highest common factor of s and h?
7
Let z be (-48)/36 + 61/3. Calculate the greatest common divisor of z and 1843.
19
Let u be 546/(-63)*(-2 + 3 - 7). Calculate the greatest common factor of u and 1482.
26
Let s = -13271 - -14346. What is the highest common divisor of s and 625?
25
Let k(g) = g**2 + 526*g - 1577. Let o be k(3). Calculate the highest common factor of o and 814.
2
Let d(v) = 9*v**2 - 21*v - 75. Let y be d(-3). Suppose 68*p = y*p - 190. What is the highest common factor of 50 and p?
10
Let s(n) = -n**2 - 22*n + 13. Suppose 4*x - 50 + 138 = 0. Let m be s(x). Calculate the greatest common factor of 13 and m.
13
Let w be 2/(-3) - (4 - 11/(99/150)). Calculate the highest common factor of w and 224.
4
Let i = -72 + 135. Calculate the highest common divisor of i and 476.
7
Suppose 0 = 5*b - x - 11814, -2*b + 64*x + 4725 = 63*x. Calculate the greatest common factor of 139 and b.
139
Suppose 12*a - 16*a + 64 = 0. Suppose -3*p - h = -a, -p = 2*h - h - 2. Let q = -33 - -89. Calculate the greatest common divisor of p and q.
7
Suppose -71*n + 5952 = 3183. What is the highest common divisor of n and 7319?
13
Let x be (-39)/(-26)*(-34)/(-3). Suppose -15*y = -x*y + 112. Let q be 4/3*(-4 - -10). Calculate the highest common factor of y and q.
8
Let k = 10839 + -5543. Calculate the highest common factor of k and 16.
16
Let p be (9/27)/(-4 - 6002/(-1500)). What is the greatest common factor of 200 and p?
50
Let t be (-4)/2 + 18 + -22. Let s be t/10 - 18/(-5). Suppose s*h + 34 = 5*h. What is the greatest common divisor of 136 and h?
17
Suppose 0*x - 5 = -x. Suppose -11 - 4 = -x*k. Suppose 5*a = -k*l + 31, 3*a + 11 - 29 = -2*l. What is the greatest common factor of a and 32?
8
Suppose 7125 = -16*o + 34*o + 57*o. What is the greatest common divisor of o and 5035?
95
Let n(u) = -154*u - 1517. Let p be n(-10). What is the highest common divisor of p and 9?
1
Let j be (-5 - -13)*-1 - -2. Let o = j + 13. Let c = o - 1. What is the greatest common factor of 6 and c?
6
Suppose 128*m = -9*m - 89*m + 3164. Calculate the greatest common divisor of 973 and m.
7
Let p = -5555 + 7348. Calculate the greatest common factor of 22 and p.
11
Let g(q) = 4*q + 19. Suppose 0 = -31*y + 294 - 77. Let d be g(y). What is the greatest common factor of d and 1?
1
Suppose 4*d + x - 88 = -3*x, 110 = 5*d - 2*x. Let f = d + -50. Let j = f - -236. Calculate the greatest common divisor of j and 26.
26
Suppose -2*c + 31 = 5*y, -c - 330*y = -328*y - 18. Suppose 0 = -2*f + f - 5*k + 127, -5*f + 4*k + 548 = 0. Calculate the greatest common factor of c and f.
28
Suppose -t = -g - 4475, -5*g - 8956 = -7*t + 5*t. What is the greatest common divisor of 63 and t?
63
Suppose 4*p - 69 = 3*p. Let c = p - 48. Let k be 10/(-25) + (-527)/(-5). What is the greatest common factor of c and k?
21
Let b = -541 + 282. Let r = -251 - b. Suppose 0 = z + 2*v + v - 50, 0 = 3*z - 3*v - 174. What is the highest common divisor of z and r?
8
Let l = 9 + -3. Let b(q) = -30*q - 1100. Let y be b(-43). Suppose -m + l*m = y. What is the highest common divisor of 95 and m?
19
Let g(x) = 24*x**2 + 2*x**3 - 9 + x - 3*x**3 + 27. Let v be g(24). Let r be 8/10*(-45)/(-6). Calculate the highest common factor of r and v.
6
Let g = 3538 + -2598. What is the highest common divisor of g and 44?
4
Let j(t) = 2*t + 2076*t**2 + 22 - 2068*t**2 + 202. Let k be j(0). Calculate the greatest common divisor of k and 42.
14
Let j(y) = -310*y - 618. Let t be j(-2). Calculate the highest common factor of 21 and t.
1
Suppose 20*q - 29 - 11 = 0. Suppose 3*t - 4*t = -6. What is the highest common divisor of t and q?
2
Suppose 122*u = 151*u - 58. What is the highest common factor of u and 7?
1
Let b = -29658 + 30778. What is the highest common factor of 60 and b?
20
Suppose 1599645 = 312*j - 730539 - 160824. Calculate the highest common divisor of j and 80.
16
Let f be -3*5*(-1)/3. Suppose -f*g = 4*k - 930, 4*g - k + 2*k - 733 = 0. Calculate the highest common divisor of g and 26.
26
Let q(j) = j + 107. Let h(b) = -b + 25. Let z be h(20). Let s be q(z). What is the greatest common divisor of s and 7?
7
Suppose -1447 + 247 = -4*p. Suppose -11*f = -5*f - p. Let m(a) = a**2 + 3*a + 100. Let g be m(0). What is the highest common factor of f and g?
50
Let n be 48*2*(-7 + 5)/(-2). Suppose 26*r + n = 28*r. What is the highest common divisor of 64 and r?
16
Let m(v) = v**2 + 76*v + 1775. Let t be m(-21). What is the greatest common divisor of t and 248?
124
Let t = 24 + -22. Suppose -t*w - w = -3*x + 39, x - 5*w = 5. Suppose 0 = -0*a + 5*a - x. What is the highest common factor of 27 and a?
3
Let w = -116 - -122. Suppose w + 10 = -8*m. Let l be 2*m/(-14) - (-21941)/259. What is the highest common divisor of 17 and l?
17
Let p be (-2)/6 + 122/6. Suppose p*w + 396 = 24*w. What is the highest common factor of 66 and w?
33
Let q(y) = y**2 - 8*y + 14. Let i be q(-7). Let l = -117 + i. What is the highest common divisor of 46 and l?
2
Let x(m) = -6*m + 4. Let g = 90 - 90. Let a be x(g). Suppose -31 = -2*k - 5*d, 0 = -d - 1 - a. Calculate the highest common factor of k and 7.
7
Let j = -347 + 488. Suppose 0 = -4*r - 3*n + j, 10*n - 21 = -r + 14*n. What is the highest common factor of r and 264?
33
Let j = -594 + 802. What is the greatest common divisor of 182 and j?
26
Let f(z) = -6*z - 69. Let o be 12/(-15) - (-594)/(-45). Let n be f(o). Suppose -d + 165 = -0*d. What is the greatest common factor of n and d?
15
Let w be (6/9)/((-2)/(-408)). Suppose -28*j - 375 = -43*j. Suppose -26*k = -j*k - 34. Calculate the highest common factor of w and k.
34
Suppose 3*u + i = 100, -11*u = -13*u - 8*i + 30. What is the highest common divisor of u and 10?
5
Let t be (-4 + (-15)/(-3))*9. Let s(y) = -7*y + 109. Let k be s(15). Suppose -5*g = -9*b + 4*b + 30, -k*b = 4*g. What is the highest common factor of t and b?
3
Let q(o) be the third derivative of -1/6*o**3 + 0*o + 18*o**2 + 3/10*o**5 + 0 - 1/12*o**4. Let u be q(1). What is the greatest common divisor of u and 5?
5
Let v(g) = 3*g - 40. Let t be v(14). Suppose t*s = 5*a + 75, a - 19 + 18 = 0. Calculate the highest common divisor of 40 and s.
40
Let h be 0/(-2) + -2 - -8. Let p(t) = -12*t - 129. Let v be p(-11). Suppose -v*n + 8 = -n + g, n = 3*g + 18. Calculate the highest common divisor of n and h.
6
Suppose -67 + 115 = 6*x. What is the highest common divisor of 64 and x?
8
Suppose -2*n - 510 = 2*x, -7*x - 2*n - 1016 = -3*x. Let w = -244 - x. Calculate the greatest common divisor of w and 441.
9
Suppose 18*d = 678593 - 671789. Let g be (14/(-2))/(1/(-6)). Calculate the greatest common divisor of d and g.
42
Suppose 3216 - 2486 = 416*b - 3846. What is the greatest common divisor of b and 34859?
11
Let x(v) = 5*v. Let b be x(3). Let w(l) = l**3 + 36*l**2 - 40*l + 1403. Let d be w(-38). What is the highest common factor of b and d?
5
Let l(g) = 27*g**2 - 5*g - 4. Suppose -43 = -p - 42. Let m(d) = -2*d**3 + 1. Let h be m(p). Let x be l(h). What is the highest common divisor of x and 7?
7
Let h(q) = -q**2 - 3*q + 7. Let a be h(-4). Suppose -a*f = 3*f. Let b be (22 + f)*(-72)/(-16). What is the highest common factor of b and 9?
9
Let i = 3976 - 3851. What is the greatest common divisor of 925 and i?
25
Let r be (176/(-6))/(38/(-285)). Calculate the highest common factor of 2530 and r.
110
Let p(h) = h**2 + 35*h - 147. Let j = 194 + -188. Let d be p(j). Let i be 1*(0 + 3)*3. What is the greatest common divisor of i and d?
9
Suppose 0 = -18*x - 2*x + 13500. Let v = x - 664. What is the greatest common factor of 11 and v?
11
Let j = -1339 - -1925. Let y = -572 + j. What is 